{"id":105,"date":"2011-10-05T14:48:22","date_gmt":"2011-10-05T18:48:22","guid":{"rendered":"http:\/\/www.colegiolatinocordillera.cl\/w3\/?page_id=105"},"modified":"2024-02-29T20:28:19","modified_gmt":"2024-02-29T23:28:19","slug":"kinder-manutara","status":"publish","type":"page","link":"https:\/\/www.colegiolatinocordillera.cl\/w3\/comunidad\/napoki\/kinder-manutara\/","title":{"rendered":"Kinder Manutara"},"content":{"rendered":"<h1>Kinder Manutara<\/h1>\n<table style=\"max-width: 830px;\" border=\"0\" width=\"100%\">\n<tbody>\n<tr>\n<td rowspan=\"2\" valign=\"top\" width=\"30%\">\n<div class=\"subtit_napoki\">Docentes<\/div>\n<\/td>\n<td valign=\"top\">\n<h2>Educadora: <\/h2>\n<\/td>\n<\/tr>\n<tr>\n<td valign=\"top\">\n<div class=\"espa20px\"><\/div>\n<h2>Co educadora: Juanita Nahuel<\/h2>\n<\/td>\n<\/tr>\n<tr>\n<td valign=\"top\">\n<div class=\"espa30px\"><\/div>\n<div class=\"subtit_napoki\">Horario<\/div>\n<\/td>\n<td valign=\"top\"><\/td>\n<\/tr>\n<tr>\n<td colspan=\"2\" valign=\"top\">\n<div class=\"espa30px\"><\/div>\n<p> <!--\n\n\n<table class=\"tablita striped\" style=\"height: 456px; width: 90%;\" width=\"90%\" align=\"right\">\n\n\n<tbody>\n\n\n<tr style=\"height: 24px;\" valign=\"TOP\">\n\n\n<td style=\"text-align: center; width: 30%; min-width: 110px; height: 24px;\">Hora<\/td>\n\n\n\n\n<td style=\"text-align: center; height: 24px;\">Actividad<\/td>\n\n\n<\/tr>\n\n\n\n\n<tr style=\"height: 24px;\" valign=\"TOP\">\n\n\n<td style=\"height: 24px;\">8.00 \u2013 8.30<\/td>\n\n\n\n\n<td style=\"height: 24px;\">Llegada \u2013 (autonom\u00eda\u2013 lectura \u2013 juego libre)<\/td>\n\n\n<\/tr>\n\n\n\n\n<tr style=\"height: 24px;\" valign=\"TOP\">\n\n\n<td style=\"height: 24px;\">8.30 \u2013 8.40<\/td>\n\n\n\n\n<td style=\"height: 24px;\">Juego libre - escritura<\/td>\n\n\n<\/tr>\n\n\n\n\n<tr style=\"height: 24px;\" valign=\"TOP\">\n\n\n<td style=\"height: 24px;\">8.40 \u2013 9.00<\/td>\n\n\n\n\n<td style=\"height: 24px;\">C\u00edrculo (saludo colectivo - asistencia - fecha - ayudante)<\/td>\n\n\n<\/tr>\n\n\n\n\n<tr style=\"height: 24px;\" valign=\"TOP\">\n\n\n<td style=\"height: 24px;\">9.00 \u2013 9.30<\/td>\n\n\n\n\n<td style=\"height: 24px;\">M\u00fasica - Actividad de lenguaje \u2013Ingl\u00e9s<\/td>\n\n\n<\/tr>\n\n\n\n\n<tr style=\"height: 24px;\" valign=\"TOP\">\n\n\n<td style=\"height: 24px;\">9.30 \u2013 10.00<\/td>\n\n\n\n\n<td style=\"height: 24px;\">Ingl\u00e9s - Juego matem\u00e1tico - m\u00fasica<\/td>\n\n\n<\/tr>\n\n\n\n\n<tr style=\"height: 24px;\" valign=\"TOP\">\n\n\n<td style=\"height: 24px;\">10.00 \u2013 10.15<\/td>\n\n\n\n\n<td style=\"height: 24px;\">Colaci\u00f3n compartida (fruta)<\/td>\n\n\n<\/tr>\n\n\n\n\n<tr style=\"height: 24px;\" valign=\"TOP\">\n\n\n<td style=\"height: 24px;\">10.15 \u2013 11.00<\/td>\n\n\n\n\n<td style=\"height: 24px;\">Juego de rincones - T\u00f3picos \u2013 ed.f\u00edsica<\/td>\n\n\n<\/tr>\n\n\n\n\n<tr style=\"height: 24px;\" valign=\"TOP\">\n\n\n<td style=\"height: 24px;\">11.00 \u2013 11.30<\/td>\n\n\n\n\n<td style=\"height: 24px;\">Patio - recreo<\/td>\n\n\n<\/tr>\n\n\n\n\n<tr style=\"height: 24px;\" valign=\"TOP\">\n\n\n<td style=\"height: 24px;\">11.30 \u2013 11.40<\/td>\n\n\n\n\n<td style=\"height: 24px;\">H\u00e1bitos - ba\u00f1o<\/td>\n\n\n<\/tr>\n\n\n\n\n<tr style=\"height: 24px;\" valign=\"TOP\">\n\n\n<td style=\"height: 24px;\">11.40 \u2013 12.10<\/td>\n\n\n\n\n<td style=\"height: 24px;\">Ciudadan\u00eda - Biblioteca - psicomotricidad<\/td>\n\n\n<\/tr>\n\n\n\n\n<tr style=\"height: 24px;\" valign=\"TOP\">\n\n\n<td style=\"height: 24px;\">12.10 \u2013 13.00<\/td>\n\n\n\n\n<td style=\"height: 24px;\">Almuerzo - h\u00e1bitos<\/td>\n\n\n<\/tr>\n\n\n\n\n<tr style=\"height: 24px;\" valign=\"TOP\">\n\n\n<td style=\"height: 24px;\">13.00 \u2013 13.40<\/td>\n\n\n\n\n<td style=\"height: 24px;\">Patio - recreo<\/td>\n\n\n<\/tr>\n\n\n\n\n<tr style=\"height: 24px;\" valign=\"TOP\">\n\n\n<td style=\"height: 24px;\">13.40 \u2013 13.50<\/td>\n\n\n\n\n<td style=\"height: 24px;\">H\u00e1bitos - ba\u00f1o<\/td>\n\n\n<\/tr>\n\n\n\n\n<tr style=\"height: 24px;\" valign=\"TOP\">\n\n\n<td style=\"height: 24px;\">13.50 \u2013 14.15<\/td>\n\n\n\n\n<td style=\"height: 24px;\">Asamblea - Descanso \u2013 cuento<\/td>\n\n\n<\/tr>\n\n\n\n\n<tr style=\"height: 24px;\" valign=\"TOP\">\n\n\n<td style=\"height: 24px;\">14.15 \u2013 15.00<\/td>\n\n\n\n\n<td style=\"height: 24px;\">Taller (arte - juegos - teatro)<\/td>\n\n\n<\/tr>\n\n\n\n\n<tr style=\"height: 24px;\" valign=\"TOP\">\n\n\n<td style=\"height: 24px;\">15.00 \u2013 15.30<\/td>\n\n\n\n\n<td style=\"height: 24px;\">Colaci\u00f3n<\/td>\n\n\n<\/tr>\n\n\n\n\n<tr style=\"height: 24px;\" valign=\"TOP\">\n\n\n<td style=\"height: 24px;\">15.30 \u2013 15.45<\/td>\n\n\n\n\n<td style=\"height: 24px;\">orden de pertenencias<\/td>\n\n\n<\/tr>\n\n\n\n\n<tr style=\"height: 24px;\" valign=\"TOP\">\n\n\n<td style=\"height: 24px;\">15.45 \u2013 16.00<\/td>\n\n\n\n\n<td style=\"height: 24px;\">C\u00edrculo - evaluaci\u00f3n del d\u00eda - despedida<\/td>\n\n\n<\/tr>\n\n\n<\/tbody>\n\n\n<\/table>\n\n --><\/p>\n<table width=\"90%\" align=\"right\">\n<tbody>\n<tr valign=\"TOP\">\n<td><!-- Nota: Todos los viernes del a\u00f1o, aunque existe la opci\u00f3n de almorzar en el colegio, la hora de salida es a las 13.00 Hrs --><\/td>\n<\/tr>\n<\/tbody>\n<\/table>\n<\/td>\n<\/tr>\n<tr>\n<td valign=\"top\">\n<div class=\"espa30px\"><\/div>\n<div class=\"subtit_napoki\">Actividades<\/div>\n<\/td>\n<td valign=\"top\"><\/td>\n<\/tr>\n<tr>\n<td colspan=\"2\" valign=\"top\">\n<table width=\"90%\" align=\"right\">\n<tbody>\n<tr>\n<td colspan=\"3\" valign=\"top\"><\/td>\n<\/tr>\n<\/tbody>\n<\/table>\n<\/td>\n<\/tr>\n<\/tbody>\n<\/table>\n","protected":false},"excerpt":{"rendered":"<p>Kinder Manutara Docentes Educadora: Co educadora: Juanita Nahuel Horario Actividades<\/p>\n","protected":false},"author":7,"featured_media":0,"parent":704,"menu_order":4,"comment_status":"closed","ping_status":"closed","template":"page-left-sidebar.php","meta":{"footnotes":""},"class_list":["post-105","page","type-page","status-publish","hentry"],"_links":{"self":[{"href":"https:\/\/www.colegiolatinocordillera.cl\/w3\/wp-json\/wp\/v2\/pages\/105","targetHints":{"allow":["GET"]}}],"collection":[{"href":"https:\/\/www.colegiolatinocordillera.cl\/w3\/wp-json\/wp\/v2\/pages"}],"about":[{"href":"https:\/\/www.colegiolatinocordillera.cl\/w3\/wp-json\/wp\/v2\/types\/page"}],"author":[{"embeddable":true,"href":"https:\/\/www.colegiolatinocordillera.cl\/w3\/wp-json\/wp\/v2\/users\/7"}],"replies":[{"embeddable":true,"href":"https:\/\/www.colegiolatinocordillera.cl\/w3\/wp-json\/wp\/v2\/comments?post=105"}],"version-history":[{"count":44,"href":"https:\/\/www.colegiolatinocordillera.cl\/w3\/wp-json\/wp\/v2\/pages\/105\/revisions"}],"predecessor-version":[{"id":6030,"href":"https:\/\/www.colegiolatinocordillera.cl\/w3\/wp-json\/wp\/v2\/pages\/105\/revisions\/6030"}],"up":[{"embeddable":true,"href":"https:\/\/www.colegiolatinocordillera.cl\/w3\/wp-json\/wp\/v2\/pages\/704"}],"wp:attachment":[{"href":"https:\/\/www.colegiolatinocordillera.cl\/w3\/wp-json\/wp\/v2\/media?parent=105"}],"curies":[{"name":"wp","href":"https:\/\/api.w.org\/{rel}","templated":true}]}}