{"id":437,"date":"2012-08-29T22:49:22","date_gmt":"2012-08-30T02:49:22","guid":{"rendered":"http:\/\/www.colegiolatinocordillera.cl\/w3\/?page_id=437"},"modified":"2025-08-22T12:59:18","modified_gmt":"2025-08-22T16:59:18","slug":"admision","status":"publish","type":"page","link":"https:\/\/www.colegiolatinocordillera.cl\/w3\/informaciones\/admision\/","title":{"rendered":"Admisi\u00f3n"},"content":{"rendered":"<p><img loading=\"lazy\" decoding=\"async\" class=\"alignnone size-full wp-image-699\" src=\"https:\/\/www.colegiolatinocordillera.cl\/w3\/wp-content\/uploads\/2012\/08\/proceso_admision.png\" alt=\"\" width=\"670\" height=\"184\" srcset=\"https:\/\/www.colegiolatinocordillera.cl\/w3\/wp-content\/uploads\/2012\/08\/proceso_admision.png 670w, https:\/\/www.colegiolatinocordillera.cl\/w3\/wp-content\/uploads\/2012\/08\/proceso_admision-300x82.png 300w\" sizes=\"auto, (max-width: 670px) 100vw, 670px\" \/><\/p>\n<h1>Admisi\u00f3n 2026<\/h1>\n<p>Segundo Proceso de postulaci\u00f3n a\u00f1o 2026<\/p>\n<div class=\"texto_sub\">1. Vacantes<\/div>\n<div class=\"espa20px\"><\/div>\n<div align=\"center\">\n<table class=\"tablita\" style=\"width: 250px;\">\n<tbody>\n<tr>\n<td style=\"text-align: center;\" colspan=\"2\"><strong>Jard\u00edn Infantil<\/strong><\/td>\n<\/tr>\n<tr>\n<td style=\"text-align: center;\"><strong>Grupo<\/strong><\/td>\n<td style=\"text-align: center;\"><strong>Cupos<\/strong><\/td>\n<\/tr>\n<tr>\n<td>Play Group<\/td>\n<td style=\"text-align: center;\">10<\/td>\n<\/tr>\n<tr>\n<td>Kinder<\/td>\n<td style=\"text-align: center;\">10<\/td>\n<\/tr>\n<\/tbody>\n<\/table>\n<\/div>\n<div align=\"center\">\n<table class=\"tablita\" style=\"width: 250px;\">\n<tbody>\n<tr>\n<td style=\"text-align: center;\" colspan=\"2\"><strong>Educaci\u00f3n B\u00e1sica<\/strong><\/td>\n<\/tr>\n<tr>\n<td style=\"text-align: center;\"><strong>Curso<\/strong><\/td>\n<td style=\"text-align: center;\"><strong>Cupos<\/strong><\/td>\n<\/tr>\n<tr>\n<td>Primero<\/td>\n<td style=\"text-align: center;\">5<\/td>\n<\/tr>\n<tr>\n<td>Segundo<\/td>\n<td style=\"text-align: center;\">5<\/td>\n<\/tr>\n<tr>\n<td>Tercero<\/td>\n<td style=\"text-align: center;\">5<\/td>\n<\/tr>\n<tr>\n<td>Cuarto<\/td>\n<td style=\"text-align: center;\">5<\/td>\n<\/tr>\n<tr>\n<td>Quinto<\/td>\n<td style=\"text-align: center;\">5<\/td>\n<\/tr>\n<tr>\n<td>Sexto<\/td>\n<td style=\"text-align: center;\">Lista de espera<\/td>\n<\/tr>\n<tr>\n<td>S\u00e9ptimo<\/td>\n<td style=\"text-align: center;\">5<\/td>\n<\/tr>\n<tr>\n<td>Octavo<\/td>\n<td style=\"text-align: center;\">5<\/td>\n<\/tr>\n<\/tbody>\n<\/table>\n<\/div>\n<div align=\"center\">\n<table class=\"tablita\" style=\"width: 30.24%;\">\n<tbody>\n<tr>\n<td style=\"text-align: center; width: 101.587%;\" colspan=\"2\"><strong>Educaci\u00f3n Media<\/strong><\/td>\n<\/tr>\n<tr>\n<td style=\"text-align: center; width: 97.619%;\">Solo lista de espera<\/td>\n<\/tr>\n<\/tbody>\n<\/table>\n<\/div>\n<div class=\"espa20px\"><\/div>\n<div class=\"texto_sub\">2. Criterios de Admisi\u00f3n<\/div>\n<p>&#8211; Conocer y aceptar el Proyecto Educativo Institucional (Publicado en <a href=\"https:\/\/www.colegiolatinocordillera.cl\/w3\/?page_id=401\">www.colegiolatinocordillera.cl<\/a>)<br \/>\n&#8211; Se dar\u00e1 preferencia a postulantes con hermanas\/os en el colegio y a hijos\/hijas de docentes.<\/p>\n<div class=\"espa20px\"><\/div>\n<div class=\"texto_sub\">3. Requisitos por postulante<\/div>\n<p>3.1 <em>Postulantes al nivel Jard\u00edn Infantil:<\/em><br \/>\n&#8211; Asistir a sesi\u00f3n de juego.<br \/>\n&#8211; Entrevista apoderados.<br \/>\n&#8211; Edad m\u00ednima:<\/p>\n<p style=\"padding-left: 40px;\">Para Playgroup: Dos a\u00f1os 10 meses cumplidos al 31 de marzo de 2026.<br \/>\nPara Kinder: cuatro a\u00f1os 11 meses cumplidos al 31 de marzo de 2026.<\/p>\n<p>&#8211; Adjuntar certificado de nacimiento.<br \/>\n&#8211; Responder cuestionario para madres y padres<\/p>\n<p>3.2 <em>Postulantes a Educaci\u00f3n B\u00e1sica:<\/em><br \/>\n&#8211; Asistir a rendir pruebas escritas de evaluaci\u00f3n en el \u00e1rea de lenguaje y matem\u00e1tica.<br \/>\n&#8211; Los postulantes a Primero B\u00e1sico ser\u00e1n evaluados solo mediante test, en las funciones que constituyen prerrequisito para el aprendizaje escolar.<br \/>\n&#8211; Los postulantes de 2\u00ba B\u00e1sico a 5\u00b0 b\u00e1sico, rendir\u00e1n una prueba escrita en el \u00e1rea de lenguaje y matem\u00e1tica.<\/p>\n<p style=\"padding-left: 40px;\">\u00c1rea de lenguaje: Evaluaci\u00f3n de la capacidad para comprender, usar y reflexionar textos: Comprensi\u00f3n literal, Comprensi\u00f3n inferencial y Comprensi\u00f3n cr\u00edtica.<br \/>\n\u00c1rea Matem\u00e1tica: Evaluaci\u00f3n de las competencias para analizar y resolver problemas en el contexto de n\u00fameros naturales, fracciones y decimales, modelos y relaciones.<\/p>\n<p>&#8211; Certificados de estudios a\u00f1o anterior (2024).<br \/>\n&#8211; Informe Educacional colegio de origen, a\u00f1o 2025.<\/p>\n<div class=\"espa20px\"><\/div>\n<div class=\"texto_sub\">4. Fechas (a revisar)<\/div>\n<div align=\"center\">\n<table class=\"tablita\" style=\"width: 100%; height: 161px;\">\n<tbody>\n<tr style=\"height: 23px;\">\n<td style=\"height: 23px;\">Inscripci\u00f3n v\u00eda: <a href=\"mailto:admision26@colegiolatinocordillera.cl\">admision26@colegiolatinocordillera.cl<\/a> \/ o accede al <a href=\"https:\/\/forms.gle\/Rx87bWJ1jffUZKkf8\" target=\"_blank\" rel=\"noopener\">formulario con Google<\/a>.<\/td>\n<td style=\"min-width: 100px; height: 23px;\">Desde el 25 de Agosto<\/td>\n<\/tr>\n<tr style=\"height: 23px;\">\n<td style=\"height: 23px;\">Asistencia a entrevista en hora a solicitar<\/td>\n<td style=\"vertical-align: middle; height: 69px;\" rowspan=\"2\">Del 1 al 5 de septiembre<\/td>\n<\/tr>\n<tr style=\"height: 46px;\">\n<td style=\"height: 46px;\">Asistencia a sesi\u00f3n de evaluaci\u00f3n en d\u00eda y hora a comunicar por la comisi\u00f3n de admisi\u00f3n<\/td>\n<\/tr>\n<tr style=\"height: 23px;\">\n<td style=\"height: 23px;\">Entrega de resultados<\/td>\n<td style=\"height: 23px;\">9 de septiembre<\/td>\n<\/tr>\n<tr style=\"height: 23px;\">\n<td style=\"height: 23px;\">Apelaci\u00f3n a resultados<\/td>\n<td style=\"height: 23px;\">10 y 11 de septiembre<\/td>\n<\/tr>\n<tr style=\"height: 23px;\">\n<td style=\"height: 23px;\">Matr\u00edcula<\/td>\n<td style=\"height: 23px;\">Del 9 al 30 de septiembre<\/td>\n<\/tr>\n<\/tbody>\n<\/table>\n<\/div>\n<div class=\"espa20px\"><\/div>\n<div class=\"texto_sub\">5. Cuota de inscripci\u00f3n<\/div>\n<p>El valor de la cuota de inscripci\u00f3n es de $ 35.000 por postulante y ser\u00e1 cancelada junto con la inscripci\u00f3n v\u00eda transferencia o dep\u00f3sito bancario a:<br \/>\nSociedad Educacional Latino S.A.<br \/>\nRut. No 96.877.310-0<br \/>\nCta. Cte. 19003871 Banco BCI<br \/>\nEnviar comprobante a: regina@colegiolatinocordillera.cl<\/p>\n<p><em>Esta cuota no es reembolsable salvo que se interrumpa la participaci\u00f3n antes de la sesi\u00f3n de evaluaci\u00f3n.<\/em><br \/>\n<strong><em>*Postulantes a lista de espera no pagan cuota de inscripci\u00f3n.<\/em><\/strong><\/p>\n<div class=\"espa20px\"><\/div>\n<div class=\"texto_sub\">6. Matricula 2026<\/div>\n<p>Matr\u00edcula \u00fanica para estudiantes nuevos $ 290.000 (para todos los niveles y cursos).<\/p>\n<div class=\"espa20px\"><\/div>\n<div class=\"espa20px\"><\/div>\n","protected":false},"excerpt":{"rendered":"<p>Admisi\u00f3n 2026 Segundo Proceso de postulaci\u00f3n a\u00f1o 2026 1. Vacantes Jard\u00edn Infantil Grupo Cupos Play Group 10 Kinder 10 Educaci\u00f3n B\u00e1sica Curso Cupos Primero 5 Segundo 5 Tercero 5 Cuarto&#8230;<\/p>\n","protected":false},"author":7,"featured_media":0,"parent":7,"menu_order":3,"comment_status":"closed","ping_status":"closed","template":"page-sidebar.php","meta":{"footnotes":""},"class_list":["post-437","page","type-page","status-publish","hentry"],"_links":{"self":[{"href":"https:\/\/www.colegiolatinocordillera.cl\/w3\/wp-json\/wp\/v2\/pages\/437","targetHints":{"allow":["GET"]}}],"collection":[{"href":"https:\/\/www.colegiolatinocordillera.cl\/w3\/wp-json\/wp\/v2\/pages"}],"about":[{"href":"https:\/\/www.colegiolatinocordillera.cl\/w3\/wp-json\/wp\/v2\/types\/page"}],"author":[{"embeddable":true,"href":"https:\/\/www.colegiolatinocordillera.cl\/w3\/wp-json\/wp\/v2\/users\/7"}],"replies":[{"embeddable":true,"href":"https:\/\/www.colegiolatinocordillera.cl\/w3\/wp-json\/wp\/v2\/comments?post=437"}],"version-history":[{"count":175,"href":"https:\/\/www.colegiolatinocordillera.cl\/w3\/wp-json\/wp\/v2\/pages\/437\/revisions"}],"predecessor-version":[{"id":6400,"href":"https:\/\/www.colegiolatinocordillera.cl\/w3\/wp-json\/wp\/v2\/pages\/437\/revisions\/6400"}],"up":[{"embeddable":true,"href":"https:\/\/www.colegiolatinocordillera.cl\/w3\/wp-json\/wp\/v2\/pages\/7"}],"wp:attachment":[{"href":"https:\/\/www.colegiolatinocordillera.cl\/w3\/wp-json\/wp\/v2\/media?parent=437"}],"curies":[{"name":"wp","href":"https:\/\/api.w.org\/{rel}","templated":true}]}}